7. Determine z(106).
1933
Let y(a) = 7538410*a - 52768867. Give y(7).
3
Let d(s) = s**2 - 128*s - 6895. Give d(-41).
34
Let f(d) = 2*d**2 - 186*d + 4283. What is f(35)?
223
Let a(r) = 2*r**3 - 186*r**2 - 177*r - 1003. Give a(94).
31
Let w(f) = 39*f - 2517. Calculate w(77).
486
Let i(g) = 4*g**2 + 75*g - 7040. Calculate i(27).
-2099
Let t(q) = -574*q + 1906. Calculate t(-1).
2480
Let a(g) = -3*g**2 + 820*g + 9962. Give a(285).
-13
Let j(p) = -5751*p + 454891. Give j(79).
562
Let r(t) = 1899*t**2 - 9527*t + 163. What is r(5)?
3
Let s(d) = 3*d**3 - 337*d**2 + 61*d + 5729. Determine s(112).
17
Let l(c) = 5*c**2 + 242*c - 9756. Determine l(26).
-84
Let t(k) = -k**3 + 56*k**2 - 131*k - 117. Calculate t(53).
1367
Let a(u) = 5*u**3 - 7*u**2 + 235*u - 708. Calculate a(3).
69
Let a(n) = 20272*n**2 - 40538*n - 5. Give a(2).
7
Let o(c) = -63*c**2 + 2981*c + 11936. Calculate o(-4).
-996
Let d(c) = 50*c**2 - 4661*c + 1043. What is d(93)?
20
Let z(g) = -5*g**3 - 167*g**2 + 216*g + 3877. Give z(-34).
1
Let k(w) = -3202*w - 22192. Give k(-7).
222
Let o(v) = 1112*v + 270231. Calculate o(-243).
15
Let f(h) = -8306*h - 340550. Calculate f(-41).
-4
Let q(s) = 129457*s - 27703797. Give q(214).
1
Let s(m) = -1311*m + 98. Determine s(0).
98
Let g(z) = z**3 - 503*z**2 - 22885*z + 184. Calculate g(-42).
-26
Let n(i) = i**3 - 83*i**2 + 169*i + 5194. Calculate n(80).
-486
Let x(s) = s**2 + 210*s - 2874. What is x(-223)?
25
Let y(k) = -145*k - 680. Determine y(-8).
480
Let n(b) = b**2 + 2684*b + 136868. Determine n(-52).
4
Let v(g) = 7*g**2 + 972*g + 33111. Give v(-79).
10
Let o(g) = -61*g**2 - 900*g - 1983. Give o(-12).
33
Let v(b) = 31*b - 2369. Determine v(44).
-1005
Let l(c) = 2*c**2 + 405*c - 994087. Determine l(611).
10
Let j(v) = -153*v + 55696. Give j(364).
4
Let g(w) = -3*w**2 + 261*w + 309. Give g(88).
45
Let u(c) = -2094*c + 34278. Determine u(16).
774
Let g(a) = 1220*a + 3920. Calculate g(-3).
260
Let o(d) = 1155*d + 144016. Calculate o(-124).
796
Let k(i) = -10*i**3 + 400*i**2 - 48*i + 2035. Determine k(40).
115
Let p(d) = 2*d**2 + 131*d + 1129. Determine p(-26).
-925
Let d(x) = 381*x - 14320. Calculate d(38).
158
Let c(n) = -25*n**2 - 3402*n + 6680. What is c(-138)?
56
Let w(y) = -4*y**3 + 8*y**2 + 113*y - 17. Give w(7).
-206
Let h(r) = 10927*r + 710287. Give h(-65).
32
Let t(s) = -5*s**2 - 163*s + 163. Determine t(-32).
259
Let m(u) = -43*u**3 + 5165*u**2 - 600*u + 7. Determine m(120).
7
Let o(r) = -1993*r + 5605. Calculate o(3).
-374
Let d(f) = -22397*f - 134376. Calculate d(-6).
6
Let h(r) = -15*r**2 - 95*r + 361. Give h(4).
-259
Let t(q) = q**2 - 2494*q - 229893. Calculate t(-89).
-6
Let w(c) = 28479*c + 1708739. Give w(-60).
-1
Let c(a) = -3846*a + 103641. What is c(27)?
-201
Let a(l) = -31*l + 3703. Calculate a(116).
107
Let f(b) = 35*b - 2797. Determine f(78).
-67
Let z(i) = -326*i + 305. Determine z(4).
-999
Let o(y) = -2*y**2 + 924*y - 35251. Determine o(42).
29
Let v(l) = 521*l**3 + 2*l**2 + 20*l - 23. Give v(1).
520
Let l(b) = -406*b**2 + 959*b - 158. What is l(2)?
136
Let h(i) = i**2 - 765*i - 71276. Determine h(-84).
40
Let h(j) = 81*j**2 + 419*j - 411. Give h(1).
89
Let m(s) = -7*s**2 - 23*s + 1472. Determine m(-17).
-160
Let q(y) = 35*y**3 + 34*y**2 + 199*y + 163. Calculate q(-4).
-2329
Let r(b) = -5*b**3 - 111*b**2 - 13*b - 20. What is r(-20)?
-4160
Let m(c) = 106006*c - 3710221. Calculate m(35).
-11
Let u(r) = 2*r**2 - 550*r - 5855. Determine u(-11).
437
Let h(x) = 8855*x - 1390244. Calculate h(157).
-9
Let o(w) = -8642*w - 86447. Calculate o(-10).
-27
Let q(o) = 6*o**2 - 242600*o + 1455391. Give q(6).
7
Let l(d) = 318139*d - 2863250. Calculate l(9).
1
Let n(h) = -h**3 - 89*h**2 - 1573*h - 890. Calculate n(-65).
-45
Let g(o) = 2*o**2 - 746*o + 35921. Give g(57).
-103
Let z(d) = 58*d**3 + 1337*d**2 + 54*d - 308. Determine z(-23).
37
Let w(z) = -22*z**2 - 2843*z - 23998. Give w(-9).
-193
Let a(x) = x**3 - 15*x**2 - 112*x + 683. Calculate a(6).
-313
Let t(p) = 5*p**2 - 50193*p - 251017. What is t(-5)?
73
Let a(c) = 3*c**3 + 114*c**2 + 581*c - 7. Determine a(-6).
-37
Let v(a) = -5*a**3 - 135*a**2 + 2151*a + 2334. Determine v(-38).
16
Let m(c) = 12951*c - 3729880. Determine m(288).
8
Let j(a) = a**3 - 614*a**2 + 5179*a + 1231092. Determine j(602).
2
Let b(u) = -583*u - 197619. Determine b(-339).
18
Let c(p) = -2*p**2 - 534*p - 17399. Calculate c(-40).
761
Let j(s) = 5*s**3 + 680*s**2 + 20239*s - 99. Determine j(-92).
-7
Let m(j) = 19*j + 1739. Give m(44).
2575
Let n(l) = 12*l**3 - 370*l**2 - 79*l + 213. Calculate n(31).
-314
Let s(m) = -889*m + 320084. Determine s(360).
44
Let r(q) = 2*q**3 + 97*q**2 - 146*q + 153. Calculate r(-50).
-47
Let z(u) = -4*u**2 - 33*u - 198. Give z(-9).
-225
Let u(o) = 12*o**2 - 288*o - 47. Calculate u(30).
2113
Let c(d) = -d**3 - 13*d**2 + 66*d + 33. What is c(-17)?
67
Let v(i) = -23*i**2 - 84*i + 207. Determine v(2).
-53
Let s(k) = 29*k**2 + 1092*k + 22. Calculate s(-38).
402
Let g(c) = 2*c**3 + 41*c**2 + 108*c + 1146. Give g(-19).
177
Let a(w) = w**2 + 4197*w + 3631956. Calculate a(-1220).
16
Let v(j) = 19*j**2 - 474*j - 11163. What is v(40)?
277
Let l(p) = 152*p - 10931. Calculate l(71).
-139
Let j(b) = 972*b + 19562. What is j(-20)?
122
Let o(z) = 906*z - 8914. What is o(7)?
-2572
Let i(t) = -t**3 - 13*t**2 - 43*t - 14. Give i(-8).
10
Let s(g) = -g**2 + 46*g - 8. Give s(-8).
-440
Let f(t) = 1541*t**2 - 7361*t - 4. What is f(5)?
1716
Let m(c) = 5*c**2 + 126*c - 489. Calculate m(-38).
1943
Let u(x) = -1705*x - 61372. Determine u(-36).
8
Let r(i) = -i**3 - 377*i**2 - 1229*i - 40338. Give r(-374).
-320
Let u(t) = -t**3 - 54*t**2 - 28*t - 1573. What is u(-54)?
-61
Let t(m) = m**3 + 137*m**2 + 953*m + 5582. Determine t(-130).
-8
Let z(f) = -425*f**2 + 1670*f + 118. Determine z(4).
-2
Let o(b) = 5787*b - 630779. Calculate o(109).
4
Let m(r) = -2063*r**2 - 16532*r - 16. Determine m(-8).
208
Let g(z) = -23*z**2 + 79*z + 35. Calculate g(4).
-17
Let m(x) = 16*x**2 + 7318*x + 92439. Calculate m(-13).
9
Let m(p) = -590*p + 48968. What is m(83)?
-2
Let r(j) = -2*j**3 + 87*j**2 + 148*j - 476. What is r(45)?
109
Let q(p) = -p**2 - 40*p + 1511. What is q(-63)?
62
Let h(t) = -2*t**3 - 95*t**2 - 250*t + 10. Give h(-45).
1135
Let v(p) = 812*p**2 - 4063*p + 9. What is v(5)?
-6
Let y(u) = 74*u - 6463. Calculate y(90).
197
Let m(i) = 65*i**2 - 7298*i + 1938. Give m(112).
-78
Let r(f) = -2*f**2 + 17774*f + 106706. What is r(-6)?
-10
Let z(j) = -442*j**2 - 886215*j - 10030. Give z(-2005).
-5
Let g(m) = -20*m**2 - 160*m + 133. What is g(-8)?
133
Let i(z) = 4570*z - 114217. What is i(25)?
33
Let l(v) = 117*v**2 - 19366*v + 10065. Calculate l(165).
0
Let g(i) = 63*i - 587. Calculate g(-15).
-1532
Let m(z) = -z**2 + 74*z + 404. What is m(-5)?
9
Let s(o) = -149*o + 4867. What is s(33)?
-50
Let k(j) = 44*j**2 - 1469*j + 5489. What is k(29)?
-108
Let i(n) = 4399*n - 1416480. Give i(322).
-2
Let c(t) = 13*t**3 - t**2 - 26*t - 36. Give c(-3).
-318
Let v(i) = -3720*i - 342290. Give v(-92).
-50
Let n(r) = -11295*r - 530887. Give n(-47).
-22
Let u(s) = -43*s**2 + 189*s + 539. Give u(-4).
-905
Let n(b) = 2*b**2 + 2382*b + 11875. Determine n(-5).
15
Let n(z) = -41*z**3 - 117*z**2 - 122*z + 3. Calculate n(-1).
49
Let d(b) = -2*b**3 - 33*b**2 + 96*b - 267. Give d(-19).
-286
Let b(f) = -105081*f + 105067. Give b(1).
-14
Let b(c) = -2*c**3 - 306*c**2 - 1190*c - 21. What is b(-149)?
-319
Let j(r) = r**3 - 149*r**2 + 1021*r - 43353. What is j(144)?
-9
Let s(j) = -240*j**2 - 14403*j - 148. Give s(-60).
32
Let m(i) = 23635*i - 3852496. What is m(163)?
9
Let p(l) = -9*l**2 + 100598*l + 201208. Calculate p(-2).
-24
Let i(o) = -o**3 - 164*o**2 - 5396*o - 8318. What is i(-43)?
-19
Let p(j) = -j**3 + 305*j**2 - 342*j + 11529. Calculate p(304).
-23
Let m(g) = 126*g - 14522. Determine m(115).
-32
Let x(d) = -48*d - 514. What is x(-11)?
14
Let b(d) = -d**3 - 16*d**2 - 12*d - 138. What is b(-13)?
-489
Let j(t) = -101*t**2 + 6466*t + 75. What is j(64)?
203
Let i(g) = -3*g**2 + 1745270*g - 3490532. What is i(2)?
-4
Let g(w) = 11*w**2 - 313*w - 66021. Determine g(93).
9
Let x(f) = -2798*f - 1541702. Determine x(-551).
-4
Let c(y) = -4*y**2 + 3366*y + 420787. What is c(952)?
3
Let z(i) = -2094*i + 23156. Give z(11).
122
Let q(v) = 295*v**3 + 884*v**2 + 15*v + 44. Calc